ivided by 13145?
7
Calculate the remainder when 31277 is divided by 13.
12
What is the remainder when 21447 is divided by 48?
39
What is the remainder when 13128 is divided by 23?
18
Calculate the remainder when 3387 is divided by 1062.
201
Calculate the remainder when 22093 is divided by 10.
3
What is the remainder when 755392 is divided by 69?
49
Calculate the remainder when 69216 is divided by 698.
114
Calculate the remainder when 86135 is divided by 21527.
27
What is the remainder when 3300 is divided by 1626?
48
Calculate the remainder when 16185 is divided by 893.
111
Calculate the remainder when 90362 is divided by 22569.
86
What is the remainder when 1961 is divided by 15?
11
Calculate the remainder when 411 is divided by 326.
85
What is the remainder when 214875 is divided by 78?
63
What is the remainder when 2394 is divided by 1999?
395
What is the remainder when 303875 is divided by 207?
206
Calculate the remainder when 18213 is divided by 1018.
907
What is the remainder when 32065 is divided by 7957?
237
Calculate the remainder when 121194 is divided by 12.
6
Calculate the remainder when 87949 is divided by 252.
1
What is the remainder when 8810 is divided by 9?
8
What is the remainder when 2707 is divided by 85?
72
What is the remainder when 60396 is divided by 6705?
51
Calculate the remainder when 44463 is divided by 455.
328
Calculate the remainder when 4252 is divided by 1276.
424
Calculate the remainder when 47585 is divided by 52.
5
Calculate the remainder when 68091 is divided by 4863.
9
What is the remainder when 201215 is divided by 262?
261
Calculate the remainder when 8208 is divided by 2518.
654
Calculate the remainder when 3141 is divided by 668.
469
Calculate the remainder when 10307 is divided by 543.
533
What is the remainder when 24076 is divided by 19?
3
What is the remainder when 1741 is divided by 441?
418
Calculate the remainder when 20438 is divided by 19713.
725
What is the remainder when 827 is divided by 13?
8
Calculate the remainder when 210333 is divided by 84.
81
What is the remainder when 737162 is divided by 109?
104
What is the remainder when 15109 is divided by 62?
43
What is the remainder when 73948 is divided by 587?
573
Calculate the remainder when 4068 is divided by 257.
213
What is the remainder when 7307 is divided by 1282?
897
Calculate the remainder when 6830 is divided by 5260.
1570
What is the remainder when 13555 is divided by 438?
415
What is the remainder when 228414 is divided by 37?
13
Calculate the remainder when 38088 is divided by 19001.
86
What is the remainder when 50606 is divided by 265?
256
Calculate the remainder when 55851 is divided by 228.
219
Calculate the remainder when 272125 is divided by 12958.
7
What is the remainder when 4194 is divided by 21?
15
What is the remainder when 248245 is divided by 250?
245
What is the remainder when 46730 is divided by 16?
10
What is the remainder when 2726 is divided by 1284?
158
What is the remainder when 9172 is divided by 45?
37
Calculate the remainder when 190035 is divided by 284.
39
What is the remainder when 70757 is divided by 20?
17
What is the remainder when 3054 is divided by 114?
90
Calculate the remainder when 483958 is divided by 218.
216
What is the remainder when 27535 is divided by 640?
15
What is the remainder when 42228 is divided by 49?
39
Calculate the remainder when 209765 is divided by 1336.
13
Calculate the remainder when 211430 is divided by 52854.
14
What is the remainder when 18334 is divided by 262?
256
What is the remainder when 399 is divided by 303?
96
What is the remainder when 232970 is divided by 21?
17
Calculate the remainder when 1116 is divided by 676.
440
Calculate the remainder when 5311 is divided by 59.
1
What is the remainder when 199611 is divided by 17?
14
Calculate the remainder when 4261 is divided by 91.
75
What is the remainder when 4899 is divided by 1998?
903
What is the remainder when 7810 is divided by 128?
2
What is the remainder when 7130 is divided by 1129?
356
Calculate the remainder when 1544 is divided by 1075.
469
What is the remainder when 9926 is divided by 292?
290
What is the remainder when 2426 is divided by 611?
593
Calculate the remainder when 128676 is divided by 21445.
6
Calculate the remainder when 549335 is divided by 274662.
11
Calculate the remainder when 565750 is divided by 7.
3
What is the remainder when 2400 is divided by 123?
63
Calculate the remainder when 233806 is divided by 1.
0
What is the remainder when 94295 is divided by 338?
331
Calculate the remainder when 613710 is divided by 176.
174
What is the remainder when 582 is divided by 269?
44
Calculate the remainder when 2263 is divided by 1083.
97
What is the remainder when 59578 is divided by 143?
90
Calculate the remainder when 6013 is divided by 20.
13
What is the remainder when 27649 is divided by 25?
24
What is the remainder when 20644 is divided by 74?
72
What is the remainder when 12433 is divided by 6208?
17
Calculate the remainder when 19237 is divided by 159.
157
What is the remainder when 5370 is divided by 277?
107
Calculate the remainder when 59290 is divided by 367.
203
What is the remainder when 20330 is divided by 92?
90
What is the remainder when 3578 is divided by 21?
8
Calculate the remainder when 20315 is divided by 354.
137
Calculate the remainder when 55767 is divided by 10.
7
What is the remainder when 90376 is divided by 1309?
55
Calculate the remainder when 4646612 is divided by 1686.
1682
Calculate the remainder when 5831 is divided by 1157.
46
What is the remainder when 1429 is divided by 180?
169
What is the remainder when 75288 is divided by 1672?
48
Calculate the remainder when 27151 is divided by 367.
360
Calculate the remainder when 81476 is divided by 257.
7
What is the remainder when 85650 is divided by 42818?
14
Calculate the remainder when 272070 is divided by 83.
79
What is the remainder when 4988 is divided by 2119?
750
What is the remainder when 10463 is divided by 115?
113
What is the remainder when 54860 is divided by 28?
8
What is the remainder when 5562 is divided by 1060?
262
Calculate the remainder when 357957 is divided by 28.
5
What is the remainder when 98284 is divided by 1229?
1193
Calculate the remainder when 1891 is divided by 465.
31
What is the remainder when 199475 is divided by 33243?
17
What is the remainder when 112029 is divided by 23?
19
Calculate the remainder when 118348 is divided by 241.
17
Calculate the remainder when 11616 is divided by 9.
6
Calculate the remainder when 1582 is divided by 449.
235
What is the remainder when 28099 is divided by 14043?
13
What is the remainder when 1960 is divided by 15?
10
What is the remainder when 328241 is divided by 227?
226
Calculate the remainder when 261973 is divided by 141.
136
Calculate the remainder when 9887 is divided by 550.
537
Calculate the remainder when 4546660 is divided by 253.
250
Calculate the remainder when 424 is divided by 74.
54
What is the remainder when 4805 is divided by 174?
107
What is the remainder when 30438 is divided by 354?
348
Calculate the remainder when 4824782 is divided by 16.
14
Calculate the remainder when 4985 is divided by 622.
9
Calculate the remainder when 2534 is divided by 1279.
1255
Calculate the remainder when 2287 is divided by 45.
37
Calculate the remainder when 46747 is divided by 58.
57
What is the remainder when 8718 is divided by 24?
6
What is the remainder when 44948 is divided by 463?
37
Calculate the remainder when 13260 is divided by 2190.
120
What is the remainder when 42541 is divided by 636?
565
Calculate the remainder when 3765 is divided by 314.
311
What is the remainder when 95040 is divided by 4?
0
What is the remainder when 218493 is divided by 161?
16
Calculate the remainder when 672458 is divided by 42.
38
What is the remainder when 131257 is divided by 8747?
52
What is the remainder when 2465 is divided by 24?
17
What is the remainder when 9256 is divided by 9219?
37
What is the remainder when 271608 is divided by 2382?
60
Calculate the remainder when 2162 is divided by 29.
16
What is the remainder when 98373 is divided by 4276?
25
What is the remainder when 77363 is divided by 7734?
23
What is the remainder when 7644 is divided by 